 39746 and 28?
14
What is the highest common factor of 97 and 97?
97
What is the highest common divisor of 3807 and 2754?
81
Calculate the greatest common divisor of 11 and 539.
11
What is the highest common factor of 29 and 928?
29
What is the highest common factor of 128 and 24?
8
What is the greatest common factor of 12 and 39588?
12
What is the greatest common divisor of 10 and 9910?
10
Calculate the greatest common factor of 91488 and 96.
96
What is the greatest common divisor of 14868 and 12?
12
Calculate the greatest common divisor of 112 and 48.
16
What is the greatest common factor of 1581 and 153?
51
What is the greatest common factor of 5800 and 100?
100
What is the greatest common factor of 380 and 361?
19
Calculate the greatest common factor of 112 and 119.
7
What is the greatest common divisor of 1 and 113?
1
Calculate the greatest common factor of 9 and 351.
9
What is the greatest common divisor of 722 and 4?
2
What is the highest common factor of 195 and 30?
15
Calculate the greatest common divisor of 7 and 1967.
7
Calculate the greatest common divisor of 14124 and 48.
12
What is the highest common factor of 8256 and 301?
43
What is the greatest common factor of 66 and 77?
11
What is the highest common divisor of 120 and 24?
24
What is the highest common divisor of 30 and 1340?
10
What is the highest common factor of 15312 and 522?
174
Calculate the highest common factor of 195 and 351.
39
Calculate the highest common divisor of 185 and 15.
5
What is the highest common factor of 108 and 18?
18
What is the greatest common divisor of 32 and 1672?
8
Calculate the greatest common divisor of 11170 and 50.
10
Calculate the greatest common factor of 8325 and 225.
225
What is the highest common factor of 2 and 746?
2
What is the greatest common divisor of 552 and 92?
92
Calculate the highest common divisor of 19297 and 23.
23
Calculate the greatest common divisor of 407 and 11.
11
Calculate the highest common divisor of 5123 and 109.
109
Calculate the highest common divisor of 37 and 33633.
37
Calculate the highest common divisor of 228 and 1404.
12
What is the greatest common divisor of 2025 and 891?
81
Calculate the highest common factor of 45984 and 12.
12
What is the greatest common divisor of 1073 and 928?
29
What is the greatest common factor of 1045 and 190?
95
What is the highest common factor of 187 and 55?
11
Calculate the highest common divisor of 25 and 325.
25
Calculate the highest common divisor of 598 and 92.
46
What is the highest common factor of 3173 and 19?
19
What is the highest common factor of 280 and 224?
56
What is the highest common factor of 728 and 91?
91
What is the highest common factor of 740 and 20?
20
What is the greatest common factor of 360 and 12?
12
Calculate the highest common divisor of 553 and 237.
79
What is the highest common divisor of 16 and 3092?
4
What is the greatest common factor of 259 and 371?
7
What is the highest common factor of 8 and 932?
4
What is the greatest common divisor of 63 and 189?
63
Calculate the highest common factor of 87 and 1247.
29
What is the greatest common divisor of 224 and 96?
32
What is the greatest common divisor of 2892 and 2?
2
Calculate the highest common factor of 115 and 165.
5
What is the greatest common factor of 16121 and 147?
49
Calculate the highest common divisor of 24 and 4056.
24
What is the highest common factor of 56 and 280?
56
Calculate the highest common factor of 16 and 40.
8
What is the greatest common factor of 1211 and 7?
7
Calculate the highest common divisor of 25 and 50.
25
What is the greatest common factor of 102 and 2720?
34
Calculate the greatest common factor of 938 and 335.
67
Calculate the greatest common factor of 82 and 615.
41
What is the greatest common divisor of 96 and 1?
1
Calculate the greatest common divisor of 279 and 9.
9
What is the highest common divisor of 21190 and 130?
130
Calculate the highest common divisor of 8138 and 26.
26
Calculate the greatest common factor of 864 and 192.
96
Calculate the greatest common divisor of 11 and 2123.
11
Calculate the greatest common divisor of 616 and 121.
11
What is the highest common divisor of 255 and 960?
15
What is the greatest common factor of 84 and 1134?
42
What is the greatest common factor of 1784 and 48?
8
Calculate the greatest common divisor of 3799 and 29.
29
What is the highest common divisor of 52 and 40?
4
What is the highest common factor of 21 and 9?
3
Calculate the greatest common factor of 141 and 30.
3
Calculate the greatest common divisor of 3 and 4.
1
Calculate the highest common factor of 814 and 222.
74
Calculate the greatest common factor of 11109 and 1127.
161
Calculate the highest common factor of 4410 and 9.
9
Calculate the greatest common divisor of 18 and 261.
9
What is the greatest common factor of 3 and 9?
3
Calculate the highest common factor of 2 and 98.
2
Calculate the highest common factor of 38 and 13072.
38
Calculate the greatest common divisor of 21 and 336.
21
What is the highest common divisor of 2679 and 285?
57
Calculate the highest common factor of 441 and 980.
49
What is the highest common factor of 224 and 7?
7
Calculate the highest common factor of 1067 and 319.
11
What is the greatest common divisor of 39 and 9?
3
What is the highest common divisor of 94 and 5734?
94
What is the greatest common factor of 95 and 5?
5
What is the greatest common factor of 59 and 2891?
59
Calculate the greatest common divisor of 27 and 4833.
27
Calculate the highest common factor of 34 and 119.
17
Calculate the greatest common factor of 129 and 8686.
43
Calculate the greatest common factor of 120 and 105.
15
Calculate the greatest common divisor of 385 and 427.
7
Calculate the highest common divisor of 16 and 188.
4
Calculate the greatest common divisor of 5796 and 14.
14
What is the highest common divisor of 230 and 20?
10
Calculate the highest common divisor of 627 and 99.
33
What is the highest common divisor of 26 and 403?
13
What is the greatest common factor of 1701 and 819?
63
What is the greatest common divisor of 7 and 714?
7
What is the highest common factor of 608 and 19?
19
Calculate the highest common factor of 15519 and 21.
21
What is the greatest common divisor of 15 and 165?
15
What is the greatest common factor of 320 and 180?
20
Calculate the highest common divisor of 7 and 4746.
7
Calculate the greatest common factor of 323 and 114.
19
What is the greatest common factor of 9 and 3489?
3
Calculate the highest common divisor of 10 and 790.
10
What is the greatest common factor of 1457 and 713?
31
Calculate the greatest common factor of 194 and 58200.
194
Calculate the highest common factor of 27181 and 154.
77
What is the greatest common divisor of 58 and 174?
58
What is the greatest common factor of 553 and 158?
79
Calculate the greatest common divisor of 35 and 217.
7
What is the greatest common factor of 655 and 2?
1
What is the greatest common factor of 88 and 858?
22
Calculate the highest common divisor of 88 and 572.
44
What is the highest common divisor of 14 and 2597?
7
Calculate the greatest common factor of 36 and 252.
36
Calculate the highest common divisor of 2200 and 11800.
200
What is the greatest common divisor of 174 and 9?
3
Calculate the greatest common factor of 55781 and 121.
121
What is the greatest common divisor of 116 and 261?
29
Calculate the greatest common factor of 732 and 948.
12
What is the highest common factor of 1208 and 8?
8
Calculate the greatest common factor of 352 and 96.
32
Calculate the greatest common factor of 5445 and 135.
45
What is the greatest common factor of 288 and 20?
4
Calculate the greatest common factor of 8 and 808.
8
What is the highest common divisor of 672 and 476?
28
What is the highest common divisor of 46 and 322?
46
What is the greatest common divisor of 60948 and 36?
36
Calculate the highest common factor of 495 and 275.
55
Calculate the greatest common factor of 96 and 114.
6
Calculate the greatest common factor of 1378 and 106.
106
What is the greatest common factor of 25070 and 10?
10
Calculate the greatest common factor of 15 and 795.
15
Calculate the highest common divisor of 172 and 43.
43
What is the highest common divisor of 258 and 86?
86
What is the highest